2385. Give a(-16).
161
Let q(o) = -12379*o - 2339628. Determine q(-189).
3
Let k(p) = 3*p**3 - 8*p**2 + 592*p - 1170. Calculate k(2).
6
Let w(z) = -z**3 - 97*z**2 - 689*z + 2002. Give w(-89).
-45
Let c(m) = 5*m**2 + 129*m - 31. Calculate c(-26).
-5
Let n(z) = 66001*z - 395991. What is n(6)?
15
Let k(x) = -56*x**2 + 95*x + 147. Calculate k(12).
-6777
Let r(n) = 24106*n - 385710. Give r(16).
-14
Let w(m) = 21950*m - 1207254. Give w(55).
-4
Let g(s) = 4*s**2 - 194*s - 370. Calculate g(51).
140
Let f(y) = 18673*y - 56664. What is f(3)?
-645
Let x(j) = -j**2 - 22229*j + 64. What is x(0)?
64
Let n(o) = -7183922*o - 43103536. What is n(-6)?
-4
Let o(c) = 51783*c + 258912. Determine o(-5).
-3
Let m(f) = 2*f**3 + 60*f**2 + 317*f - 771. Give m(-22).
-1
Let u(n) = -n**2 - 2367*n + 28249. Determine u(12).
-299
Let h(z) = -29*z**2 + 18*z + 77. Give h(-3).
-238
Let u(l) = 127*l**2 + 4579*l + 180. Calculate u(-36).
-72
Let g(s) = -141*s**2 - 541*s + 544. Calculate g(1).
-138
Let x(q) = 2*q**3 - 67*q**2 + 533*q - 195. Calculate x(27).
4719
Let o(l) = 12*l**2 + 508*l - 2577. Give o(5).
263
Let i(t) = 735*t + 5856. Give i(-8).
-24
Let t(j) = -112*j**2 - 3427*j - 916. Determine t(-30).
1094
Let d(p) = 4223*p - 357. What is d(0)?
-357
Let f(j) = j**3 - 266*j**2 + 7941*j - 12334. Calculate f(232).
-38
Let b(n) = -n**3 - 9*n**2 - 2*n + 6. Determine b(-7).
-78
Let s(p) = p**3 + 104*p**2 - 63*p - 7220. Give s(-104).
-668
Let n(r) = -2*r**2 + 2250*r - 188186. Give n(91).
2
Let f(a) = a**3 - 40*a**2 + 301*a + 1073. Determine f(28).
93
Let h(m) = 24*m**3 + 314*m**2 + 34*m + 185. Calculate h(-13).
81
Let f(w) = 5*w**3 - 181*w**2 + 673*w - 51. Determine f(32).
-19
Let w(q) = q**3 + 27*q**2 + 22*q - 121. Calculate w(-26).
-17
Let l(v) = -56*v**2 - 2308*v - 6734. What is l(-38)?
106
Let b(a) = 2032*a + 28261. Determine b(-14).
-187
Let z(d) = 370*d**2 - 837*d + 34. Calculate z(2).
-160
Let p(i) = 6*i**3 - 6*i**2 + 140*i - 826. Determine p(10).
5974
Let t(d) = -d**2 - 350322*d - 3152858. Determine t(-9).
-41
Let l(c) = 993*c + 31707. Give l(-32).
-69
Let y(k) = -2*k**3 + 5*k**2 + 118*k - 661. Give y(9).
-652
Let c(t) = t**3 - 14*t**2 + 128*t + 803. Calculate c(-4).
3
Let m(a) = -7*a**2 - 85*a + 3678. What is m(17)?
210
Let x(z) = -10*z**2 - 578*z - 7982. Give x(-35).
-2
Let o(g) = 20528*g - 533712. Give o(26).
16
Let s(j) = 4981*j - 1519207. Give s(305).
-2
Let u(s) = -2*s**2 - 1988*s - 480950. Calculate u(-578).
-54
Let f(s) = 3722*s + 100522. Determine f(-27).
28
Let h(m) = 2*m**3 + 53*m**2 + 44*m - 1780. Determine h(-24).
44
Let i(z) = -z**3 - 59*z**2 - 234*z + 2184. What is i(-9)?
240
Let r(v) = v**2 - 3478*v - 133535. Give r(-38).
73
Let f(j) = 8207*j - 763428. Determine f(93).
-177
Let y(l) = -l**2 - 213*l + 8970. Give y(37).
-280
Let v(c) = c**3 - 41*c**2 - 694*c - 117. Give v(-13).
-221
Let t(w) = 97*w + 3058. What is t(-66)?
-3344
Let t(x) = -343*x - 99171. Give t(-289).
-44
Let t(r) = 14946*r + 3019064. What is t(-202)?
-28
Let s(p) = 2*p**3 + 54*p**2 + 349*p - 30. Calculate s(-11).
3
Let f(q) = -3*q**3 + 107*q**2 + 3340*q - 17. Determine f(-20).
-17
Let c(g) = -5*g**3 - 9892*g**2 + 5952*g + 29680. Give c(-1979).
-5
Let p(h) = -460*h + 75198. Determine p(163).
218
Let r(l) = -36*l**3 + 38*l**2 + 52*l - 26. Determine r(2).
-58
Let d(u) = -81327*u**2 + 1463885*u + 11. Calculate d(18).
-7
Let j(g) = -g**3 + 30*g**2 - 289*g + 1239. Give j(11).
359
Let q(j) = -17*j**2 + 57763*j - 115522. Determine q(2).
-64
Let v(i) = -2*i**3 - 31*i**2 - 84*i - 54. Calculate v(-1).
1
Let i(d) = -76*d**3 + 25307*d**2 + 335*d - 595. Determine i(333).
71
Let k(d) = 5*d**3 - 29*d**2 - 378*d + 1981. Give k(5).
-9
Let a(b) = 1683*b - 1913. Determine a(1).
-230
Let k(q) = -465*q**2 - 14910*q - 931. Calculate k(-32).
29
Let g(w) = 5557*w**2 - 5539*w - 6. What is g(1)?
12
Let k(t) = -t**2 + 359769*t + 4317369. Calculate k(-12).
-3
Let g(f) = -1802*f + 19848. What is g(11)?
26
Let x(y) = -36*y**2 - 2121*y + 204. Give x(-59).
27
Let m(f) = -12*f**2 - 4*f + 54. Determine m(-7).
-506
Let w(l) = 16*l**3 - 40*l**2 + 75*l - 289. Determine w(3).
8
Let m(a) = 2*a**2 + 1505*a + 13737. What is m(-9)?
354
Let b(p) = -2*p**3 + 271*p**2 + 879*p + 178. What is b(-3)?
34
Let p(y) = y**3 - 21*y**2 - 205*y - 379. Determine p(-5).
-4
Let p(t) = t**2 - 11099*t + 132960. Determine p(12).
-84
Let l(i) = i**2 - 19*i - 130. What is l(-7)?
52
Let j(z) = 2*z**3 - 4*z**2 + 19*z - 13. Calculate j(-2).
-83
Let a(c) = -12*c**3 + 35*c**2 - 10*c - 2. Give a(6).
-1394
Let c(u) = -256*u + 12315. Calculate c(47).
283
Let b(p) = 29241*p + 7836594. Give b(-268).
6
Let x(m) = -6214*m + 733256. Calculate x(118).
4
Let j(r) = 2*r**2 + 16721*r - 100259. Calculate j(6).
139
Let t(c) = 450*c - 2631. Give t(8).
969
Let w(x) = -141*x - 8162. Calculate w(-58).
16
Let h(n) = -n**2 + 430*n - 44855. What is h(178)?
1
Let p(a) = 4*a**2 + 306*a + 515. Give p(-71).
-1047
Let i(h) = -h**3 + 119*h**2 - 567*h + 25673. Give i(116).
269
Let v(q) = -12926*q**2 - 982373*q + 255. What is v(-76)?
27
Let a(o) = -o**3 - 314*o**2 + 1599*o + 1252. Calculate a(-319).
-24
Let h(a) = -1726*a**2 + 8331*a + 8331. Calculate h(-1).
-1726
Let h(f) = -6*f**2 - 3980*f + 72224. Determine h(-681).
38
Let i(l) = -2180*l - 48386. Determine i(-22).
-426
Let u(q) = 190878*q + 381751. What is u(-2)?
-5
Let l(y) = -35107*y - 842471. Determine l(-24).
97
Let z(l) = -2255*l**3 + 4*l**2 - 11*l + 7. What is z(1)?
-2255
Let j(a) = -293*a + 27248. What is j(93)?
-1
Let r(x) = 3*x**2 - 87*x + 245. What is r(13)?
-379
Let t(p) = -p**3 - 14*p**2 - 165*p - 1477. Calculate t(-10).
-227
Let i(y) = -2*y**3 + 160*y**2 - 606*y - 136. Give i(76).
16
Let c(v) = -v**3 - 2*v**2 + 2780*v + 1451. Calculate c(52).
-5
Let g(l) = -4*l**3 - 56*l**2 - 28*l - 415. What is g(-14)?
-23
Let n(j) = -6*j**2 - 390*j + 3653. Determine n(10).
-847
Let a(x) = -40040*x - 8248283. Calculate a(-206).
-43
Let o(h) = h**2 + 12*h - 684. What is o(-35)?
121
Let y(h) = -2*h**2 - 244*h - 232. Determine y(-124).
-728
Let u(i) = -i**2 - 36503*i - 2259321. What is u(-62)?
21
Let p(n) = -n**3 - 113*n**2 - 187*n + 27109. Determine p(-109).
-32
Let a(g) = 107929*g + 431730. Give a(-4).
14
Let o(h) = -3*h**3 - 17*h**2 - 57*h - 396. Calculate o(-6).
-18
Let s(m) = -m**3 - 35*m**2 + 10237*m + 375979. What is s(-37)?
-52
Let q(f) = -f**3 - 50*f**2 - 510*f + 17. What is q(-14)?
101
Let c(k) = -161*k - 16772. Calculate c(-102).
-350
Let x(p) = 70410*p - 36049927. Determine x(512).
-7
Let n(z) = 352*z**2 - 58433*z + 163. Determine n(166).
-3
Let w(n) = 46*n**2 - 79874*n + 111056. Give w(1735).
16
Let w(h) = 26606*h + 79796. Determine w(-3).
-22
Let h(c) = -3567*c - 103611. Give h(-29).
-168
Let y(x) = -8*x**2 - 272*x + 22034. Determine y(-72).
146
Let m(d) = 13*d**2 + 1822*d + 2085. What is m(-139)?
0
Let k(m) = -m**2 + 66*m + 471. Determine k(71).
116
Let n(f) = -f**3 - 16*f**2 - 8181*f - 130899. Determine n(-16).
-3
Let c(p) = -p**3 + 271*p**2 - 15282*p + 210. What is c(80)?
50
Let z(a) = 48*a**3 + 4366*a**2 - 184*a - 185. Give z(-91).
-3
Let k(d) = -13*d**2 + 826*d + 7435. Give k(-8).
-5
Let u(l) = -1875*l - 1229998. What is u(-656)?
2
Let t(g) = 356*g - 711. Give t(2).
1
Let t(i) = 79271*i - 475594. Give t(6).
32
Let x(b) = b**2 + 324*b + 7750. What is x(-26)?
2
Let v(s) = 11*s + 74. Calculate v(-46).
-432
Let v(a) = 119234*a + 715417. Give v(-6).
13
Let k(y) = -70*y**2 + 589*y - 14. Calculate k(8).
218
Let s(p) = p**3 + 19*p**2 + 126*p + 414. Determine s(-11).
-4
Let j(t) = -58*t**2 - 1530*t - 519. What is j(-26)?
53
Let i(l) = -l**3 - 328*l**2 + 27215*l + 12272. Calculate i(69).
-10
Let w(t) = -11522*t + 7535380. Calculate w(654).
-8
Let t(w) = w**3 + 57*w**2 + 813*w - 244. Determine t(-28).
-272
Let h(p) = -10*p**3 - 69*p**2 + 807*p + 142. What is h(-13)?
-40
Let k(d) = -44241*d - 44185. Calculate k(-1).
56
Let m(l) = 10743*l - 128921. Give m(12).
-5
Let y(p) = -6*p**3 - 5*p**2 - 2*p + 101. What is y(7)?
-2216
Let m(a) = 4*a**3 + 116*a**2 - 326*a - 441. Give m(-1).
-3
Let a(n) = n**3 - 178*n**2 + 322*n + 5258. What is a(176)?
-22
Let z(g) = 2*g - 186. Calculate z(49).
-88
Let z(s) = -s**3 + 64*s**2 - 336*s - 333. Calculate z(58).
363
Let m(d) = -2851*d - 8502. Determine m(-3).
51
Let y(k) = 759*k + 63144. Determine y(-83)